{"id":27,"date":"2018-06-16T10:00:06","date_gmt":"2018-06-16T08:00:06","guid":{"rendered":"https:\/\/www.anzeigio.de\/magazin\/?page_id=27"},"modified":"2019-08-08T09:33:07","modified_gmt":"2019-08-08T07:33:07","slug":"featured-2","status":"publish","type":"page","link":"https:\/\/www.anzeigio.de\/magazin\/featured-2\/","title":{"rendered":"Berlin: 891,61 km\u00b2 SmartCity"},"content":{"rendered":"<p>Berlin wird SmartCity! Unter dem Motto &#8222;Einfach. SmartCity. Machen: Berlin&#8220; wird ein offener Prozess gestartet, der technologieoffen, offen f\u00fcr Ideen und sogar \u00f6ffentlich ablaufen kann!  Public Open Innovation wird m\u00f6glich!<\/p>\n<p>Berlin wird auf 891,81 km\u00b2 zur SmartCity. Die Umsetzung wird \u00f6ffentlich \u00fcber zw\u00f6lf digitale Bezirkszeitungen in Gang gesetzt<\/p>\n<p>Ab September kommt eine neue &#8222;internationale Metropolenzeitung&#8220; dazu, die den Metrolenraum Berlin-Brandenburg mit der ganzen Welt vernetzt und vor allem mit allen wichtigen SmartCities vernetzt.<\/p>\n<p>Im Journalismus werden mehrere Prinzipien ver\u00e4ndert, weil digitale Zeitungen und Medien in der \u201einklusiven, sozialen, intelligenten und syntegrativen SmartCity\u201c zus\u00e4tzliche Aufgaben bekommen:<\/p>\n<p>&#8211; Journalismus muss nicht nur berichten, was ist. Auch was wird und werden soll,  wird zur neuen Aufgabe.<\/p>\n<p>&#8211; presserechtlich beauftragte Moderatoren begleiten partizipative Verfahren und berichten den Verhandlungsstand.<\/p>\n<p>&#8211; Digitale Zeitungen informieren, verbinden, kl\u00e4ren auf &#8211; und erkl\u00e4ren auch schwierige Zusammenh\u00e4nge.<\/p>\n<p>Das \u201ePrinzip Citizenship&#8220;\u201c wird entwickelt: digitale Zeitungen werden f\u00fcr alle Citizens ge\u00f6ffnet, die der Stadtgesellschaft etwas in journalistischer und medialer Form mitzuteilen haben. <\/p>\n<p>Das berlinweite <em>anzeigio &#8211; Anzeigensystem <\/em>steht f\u00fcr alle denkbaren Zwecke zur Verf\u00fcgung. Denn auch bisheriges Marketing und Online-Marketing im Metropolenraum wird radikal ver\u00e4ndert und vereinfacht! <\/p>\n<p>Es treten dabei nachhaltige Kostensenkungseffekte f\u00fcr Werbebudgets und Onlinemarketing ein. Kapital kann k\u00fcnftig besser in CO2-Senken, in CO2-Einsparung und CO2-Substitution und in Kundennutzen verwandelt werden.<\/p>\n<p><strong>Berlin: 891,61 km\u00b2 SmartCity &#8211; 12 Smart Districts<\/strong><\/p>\n<p>Die zw\u00f6lf Berliner Bezirke sind auch 12 Gro\u00dfst\u00e4dte &#8211; und m\u00fcssen sich k\u00fcnftig als SmartCity und SmartDistrict definieren und entwickeln. In jedem der Berliner Bezirke gibt es schon digitale Zeitungen, die auf allen mobilen und station\u00e4ren Endger\u00e4ten aufgerufen werden k\u00f6nnen. Im SmartCity-Informationssystem  k\u00f6nnen alle wichtigen &#8222;Stadt-Funktionen&#8220; und &#8222;Angebote&#8220; sichtbar und zugreifbar gemacht werden. Zum 1. Juli 2019 gibt es dazu auch ein erstes Handbuch, mit den sofort nutzbaren Features und M\u00f6glichkeiten. Alles wird m\u00f6glich: inspirieren, einladen, Gutscheine. Auch eCommerce. <\/p>\n<p>Der Clou: auch ein Blinder kann mit nicht mehr als einer Mail-Adresse zu Unternehmer werden, und mit seinen F\u00e4higkeiten selbstst\u00e4ndig arbeiten.  Tante Emma kann k\u00fcnftig Amazon und Zalando! &#8211; denn das anzeigio &#8211; Anzeigensystem hilft, Aufmerksamkeit, Sichtbarkeit und Konversion zu optimieren, und gleichzeitig die eigenen Rohertr\u00e4ge selbst zu kontrollieren.<\/p>\n<p>Kurz: Wirtschaftliche Entfaltungsfreiheit wird neu definiert. Inklusive digital-arbeitsteilige und soziale Marktwirtschaft wird neu konstituiert. Es wird schrittweise aufgebaut. Das Smart City Informationssystem Berlin wird schrittweise aufgebaut und nach und nach vereinheitlicht. Regulatorische Absprachen und Erlaubnisse sind derzeit das gr\u00f6\u00dfte Hindernis in der Umsetzung.<\/p>\n<p><strong>12 Smart Districts &#8211; zw\u00f6lf Berliner Bezirke:<\/strong><\/p>\n<p><a href=\"http:\/\/www.berlin-mitte-zeitung.de\" rel=\"noopener\" target=\"_blank\">www.berlin-mitte-zeitung.de<\/a><\/p>\n<p><a href=\"https:\/\/www.charlottenburg-wilmersdorf-zeitung.de\/zeitfracht-uebernimmt-buchlogistiker-koch-neff-und-volckmar\/\" rel=\"noopener\" target=\"_blank\">www.charlottenburg-wilmersdorf-zeitung.de<\/a><\/p>\n<p><a href=\"http:\/\/www.friedrichshain-kreuzberg-zeitung.de\" rel=\"noopener\" target=\"_blank\">www.friedrichshain-kreuzberg-zeitung.de<\/a><\/p>\n<p><a href=\"http:\/\/www.lichtenberg-nachrichten.de\" rel=\"noopener\" target=\"_blank\">www.lichtenberg-nachrichten.de<\/a><\/p>\n<p><a href=\"http:\/\/www.marzahn-hellersdorf-zeitung.de\" rel=\"noopener\" target=\"_blank\">www.marzahn-hellersdorf-zeitung.de<\/a><\/p>\n<p><a href=\"http:\/\/www.neukoelln-nachrichten.de\" rel=\"noopener\" target=\"_blank\">www.neukoelln-nachrichten.de<\/a><\/p>\n<p><a href=\"http:\/\/www.pankower-allgemeine-zeitung.de\" rel=\"noopener\" target=\"_blank\">www.pankower-allgemeine-zeitung.de<\/a><\/p>\n<p><a href=\"http:\/\/www.reinickendorf-nachrichten.de\" rel=\"noopener\" target=\"_blank\">www.reinickendorf-nachrichten.de<\/a><\/p>\n<p><a href=\"http:\/\/www.spandauer-tageszeitung.de\" rel=\"noopener\" target=\"_blank\">www.spandauer-tageszeitung.de<\/a><\/p>\n<p><a href=\"http:\/\/www.steglitz-zehlendorf-zeitung.de\" rel=\"noopener\" target=\"_blank\">www.steglitz-zehlendorf-zeitung.de<\/a><\/p>\n<p><a href=\"http:\/\/www.tempelhof-schoeneberg-zeitung.de\" rel=\"noopener\" target=\"_blank\">www.tempelhof-schoeneberg-zeitung.de<\/a><\/p>\n<p><a href=\"http:\/\/www.treptow-koepenick-zeitung.de\" rel=\"noopener\" target=\"_blank\">www.treptow-koepenick-zeitung.de<\/a><\/p>\n<p><em>Die digitalen Bezirkszeitungen sind mit WORDPRESS und einem Template ausgestattet. Die SEO-Optimierung wird erst ab September 2019 unter dem Dach der neuen Metropolenzeitung vereinheitlicht. Die Umsetzung auf den neuen Gutenberg Blocks Editor und der Umstieg auf beschleunigte &#8222;SmartCity-hosted accelerated Mobile-Pages&#8220; ist schon geplant, sobald 5G-Hosting in Berlin etabliert ist (ca. 2020\/2021). &#8222;SmartCity-hosted accelerated Mobile-Pages&#8220; werden 2025 zum weltweiten Standard&#8220;, der an die Stelle von Googles Accelerated Mobile Pages (AMP) tritt. <\/em><\/p>\n<hr>\n<p><strong>Public Open Innovation &#8211; Markteinf\u00fchrungen &#8211; Pilot- und Testprojekte<br \/>\neCommerce &#8211; Interaktionen und soziale Netzwerke &#8211; Transmediale Kunst &#038; Kreativit\u00e4t<br \/>\nNewsletter und Autor-Formate<\/strong><\/p>\n<p>Berlin ist auch Creative City. Die Stadt der kreativen Citizens. Sie k\u00f6nnen der Stadtgesellschaft ihr Gesicht, ihre Ideen und Werke und Angebote zeigen, und eigene Gesch\u00e4ftsideen in Gang setzen. <\/p>\n<p><strong>Zentraler Zugang zum System &#8222;Einfach. SmartCity. Machen: Berlin&#8220;: <\/strong><\/p>\n<p><a href=\"https:\/\/anzeigio.de\/\" rel=\"noopener\" target=\"_blank\">https:\/\/anzeigio.de\/<\/a><\/p>\n<p>SmartCitizenship &#8211; Datenschutz und Kommunikation erfordern eine Akkreditierung im Redaktionssystem. Hierf\u00fcr gibt es sechs M\u00f6glichkeiten: <\/p>\n<p>Einstieg ist immer das faire Leser-Abo \u00fcber info@anzeigio.de <\/p>\n<p>F\u00fcr alle kommerziellen und journalistischen Zwecke ist akkreditierung@anzeigio.de der Einstieg.<\/p>\n<p><em>Hinweis: die technischen Medienkonditionen werden ab 1.8.2019 als PDF-Files ver\u00f6ffentlicht.<br \/>\ndie Shop-Automatisierung wird zum 1.9.2019 realisiert.<\/em><\/p>\n","protected":false},"excerpt":{"rendered":"<p>Berlin wird SmartCity! Unter dem Motto &#8222;Einfach. SmartCity. Machen: Berlin&#8220; wird ein offener Prozess gestartet, der technologieoffen, offen f\u00fcr Ideen und sogar \u00f6ffentlich ablaufen kann! Public Open Innovation wird m\u00f6glich! Berlin wird auf 891,81 km\u00b2 zur SmartCity. Die Umsetzung wird \u00f6ffentlich \u00fcber zw\u00f6lf digitale Bezirkszeitungen in Gang gesetzt Ab September kommt eine neue &#8222;internationale Metropolenzeitung&#8220; [&hellip;]<\/p>\n","protected":false},"author":1,"featured_media":740,"parent":0,"menu_order":0,"comment_status":"closed","ping_status":"closed","template":"","meta":{"footnotes":""},"class_list":["post-27","page","type-page","status-publish","has-post-thumbnail","hentry"],"_links":{"self":[{"href":"https:\/\/www.anzeigio.de\/magazin\/wp-json\/wp\/v2\/pages\/27","targetHints":{"allow":["GET"]}}],"collection":[{"href":"https:\/\/www.anzeigio.de\/magazin\/wp-json\/wp\/v2\/pages"}],"about":[{"href":"https:\/\/www.anzeigio.de\/magazin\/wp-json\/wp\/v2\/types\/page"}],"author":[{"embeddable":true,"href":"https:\/\/www.anzeigio.de\/magazin\/wp-json\/wp\/v2\/users\/1"}],"replies":[{"embeddable":true,"href":"https:\/\/www.anzeigio.de\/magazin\/wp-json\/wp\/v2\/comments?post=27"}],"version-history":[{"count":3,"href":"https:\/\/www.anzeigio.de\/magazin\/wp-json\/wp\/v2\/pages\/27\/revisions"}],"predecessor-version":[{"id":711,"href":"https:\/\/www.anzeigio.de\/magazin\/wp-json\/wp\/v2\/pages\/27\/revisions\/711"}],"wp:featuredmedia":[{"embeddable":true,"href":"https:\/\/www.anzeigio.de\/magazin\/wp-json\/wp\/v2\/media\/740"}],"wp:attachment":[{"href":"https:\/\/www.anzeigio.de\/magazin\/wp-json\/wp\/v2\/media?parent=27"}],"curies":[{"name":"wp","href":"https:\/\/api.w.org\/{rel}","templated":true}]}}